v + 2. Let x be z(l). Let t(r) = 11 + 2*r**3 - x*r**3 - 3. What is t(0)?
8
Let k be (-4 - -7)*2/3. Let u(l) = l**3 - 2*l**2 + 2*l - 3. Calculate u(k).
1
Suppose -x + 9 + 11 = -2*c, -2*x + 41 = -3*c. Let m = -13 + x. Let u = m + -6. Let w(r) = r**3 - 4*r**2 + 3*r + 2. Give w(u).
2
Let m(c) be the first derivative of -c**4/2 - c**3/3 + c + 10. Determine m(1).
-2
Let u(y) be the third derivative of y**4/12 - 4*y**3/3 + 15*y**2 + 1. Calculate u(4).
0
Let w(f) be the second derivative of 2*f + 1/2*f**2 - 1/3*f**3 + 0 + 1/4*f**4. Determine w(1).
2
Let g(d) be the first derivative of -d**2/2 + 2*d + 3. Suppose 2*w + 2 = 3*b - b, -5*b + 29 = w. What is g(w)?
-2
Let w(p) = p + 2. Suppose 3*a + 0*a - 3 = 0. Let v be (0/(-5))/(-3) - 2. Let u be (-5)/(a + v - 0). What is w(u)?
7
Let j(d) = 7*d**2 - 1. Let l(a) = 2*a - 5 + a - 4*a. Let m be l(-8). Suppose -m*i - 5 = 5*f + 2, f + 19 = -5*i. What is j(f)?
6
Suppose -3*f = 4*i - 1, i - 4*f + 5 = -3*f. Let u(x) = 2*x + 3. What is u(i)?
-1
Let i be (-6)/12*-1*2. Let w(k) = 5*k + 1. Determine w(i).
6
Let i be 4/(-3)*3*-1. Suppose -3*t + 8 = -x, -t = -0*t - x - 2. Let z(c) = 4 - 57*c**3 + 2 + t*c**2 + 56*c**3 + c**2 - 2*c. Give z(i).
-2
Let o(w) = w**3 + w**2 - w - 1. Suppose -2 = y, -4*a - 6*y - 14 = -y. Let b = a - 0. Calculate o(b).
0
Let w(u) = u + 4. Let c be w(-2). Let x(f) = f - 3*f + 1 + f**2 - f**c - 2*f**2. Calculate x(1).
-3
Let y = 4 - 7. Let n be (0 - 2 - y) + 3. Let l = n + -4. Let b(d) = -d**3 - d**2 - 3. Give b(l).
-3
Let c(f) be the second derivative of 1/20*f**5 + 0 + 2*f**2 - 5/12*f**4 + 6*f + 1/3*f**3. Suppose 4*l + 0*l - 16 = 0. What is c(l)?
-4
Let w = 8 + -8. Let s(u) = u**2 - 27. Determine s(w).
-27
Let v(y) = y + 5. Let i be -1 + -2 - (-2 - (-15)/3). Calculate v(i).
-1
Suppose s + 5*a = -8 - 11, -4*s + 5*a = 1. Let r(i) = -i**2 - i + 3. Determine r(s).
-9
Let m(j) be the third derivative of j**5/60 - j**4/12 - 9*j**2. What is m(3)?
3
Let h(k) be the first derivative of -k**4/4 - 8*k**3/3 - 9*k**2/2 - 6*k - 15. Give h(-6).
-24
Let g(h) = -h**3 + 4*h**2 - 3. Let d be (-5)/(-20) + 7/4. Suppose 0 = -4*o + d*t + 24, -5*t = -0 + 20. Give g(o).
-3
Let h(y) be the first derivative of -y**4/4 + 4*y**3/3 - y**2 + 3*y + 8. Give h(3).
6
Let j(n) = 12*n - 3. Let d(c) = -c + 141 - 140 - 3*c. Let w be (9 + -2)*1*-1. Let o(k) = w*d(k) - 2*j(k). Determine o(1).
3
Suppose -w + 6 - 2 = 0. Let s be (-2)/w*-6 + 1. Let g(c) = -5*c**2 + c - c**2 - 1 + 0*c**2 + s*c**2. Determine g(1).
-2
Let a = -7 + 9. Suppose 0 = -a*t + 5*t. Let m(f) = 5*f + t - f**2 - 4*f + 0 + 1. Determine m(2).
-1
Let o(w) = 17 + 4*w - 3*w**2 - w**2 - 21 + w**3. Give o(3).
-1
Let z = -3 - -8. Let a(w) = -w**3 + 4*w**2 + 5*w - 5. Let p be a(z). Let y(h) = h**2 + 6*h - 3. Determine y(p).
-8
Let a(s) = 2*s**2 - 3*s + 1. Let g(q) = q**2 - q. Let j(t) = -a(t) + 3*g(t). Suppose 1 - 7 = -3*z. Calculate j(z).
3
Let o be 1/((-1 - 2)/51). Let k = o - -25. Let h(q) = -q**3 + 8*q**2 + 1. Let z be h(k). Let i(d) = -2*d**3 - 1. Calculate i(z).
-3
Let o(f) = -f**2 - 8*f - 7. Suppose 4*u = u. Suppose -3*y - y = -4*h + 48, u = -5*h + y + 72. Suppose 4*q = 5*s - h, 3 = q - 3*s + 5. Determine o(q).
8
Let p(l) = 8*l**2 + 5*l - 5. Let g(v) = 7*v**2 + 4*v - 4. Let w(d) = 6*g(d) - 5*p(d). Suppose n + 5 = 3, 2*n - 4 = 4*x. What is w(x)?
11
Let q = -55 - -56. Let j(y) = 7*y + 1. Determine j(q).
8
Let z(f) = f**2 - 3*f - 4. Let y(l) = 2*l**3 - l**2 + 2*l. Let s be y(1). Give z(s).
-4
Let n = 9 - 11. Let a(b) = 2*b**3 + 2*b + 1. Determine a(n).
-19
Suppose 5*i = 5, d = -i - i + 11. Let r(c) = -d*c - 8*c - 2 + 18*c. Determine r(-4).
-6
Suppose 10*h = 9*h - 3. Let x(f) = -3*f - 4. Determine x(h).
5
Let r(z) be the first derivative of -z**6/120 - z**5/60 - z**4/24 - z**3/6 - 4*z**2 + 8. Let p(h) be the second derivative of r(h). Determine p(-2).
5
Let p(w) = -5*w + 0*w + 3*w + 5 + 3*w. Calculate p(-7).
-2
Suppose q = -q + 3*o - 9, 4*q + 20 = 4*o. Let g(n) be the second derivative of n**4/12 + 2*n**3/3 - 5*n**2/2 - n. Calculate g(q).
7
Let n be 2*(-2 - (-63)/6). Suppose -x - 3*m = -n - 8, -5*x - 3*m = -65. Let v = x + -5. Let t(z) = -z**3 + 4*z**2 + 2*z + 6. Give t(v).
-9
Let h = -2 + 5. Let j(i) = -3*i + 8. Let y(b) = -2. Let n(u) = -j(u) - 5*y(u). What is n(h)?
11
Let s(g) = 4*g**2 + 5*g - 6. Let m(u) = 4*u**2 + 4*u - 5. Let w(o) = -6*m(o) + 5*s(o). Let q(j) = j**2 - 6*j - 1. Let f be q(6). Calculate w(f).
-5
Let w(p) = -2*p**3 + p**2 - p - 1. Let m be w(-1). Let o(z) = -z - 4. Give o(m).
-7
Suppose 0 = -2*c - 0*c. Let a(w) = 0 - 3 + 4 - 5*w**2 + c. Give a(-1).
-4
Let f(w) = -5*w**2 + w. Let g be f(-1). Let i be (-2)/(-2) - (4 + g). Let v(u) be the third derivative of -u**4/24 - 2*u**3/3 + 5*u**2. What is v(i)?
-7
Let u(d) = -d**2 - 1. Let t(z) = -z + 5. Let b be t(3). Give u(b).
-5
Let c(n) = 4*n - 3. Let l = 22 + -15. Let y(z) = z - 1. Let k(q) = l*y(q) - 2*c(q). Give k(-7).
6
Let j(d) = -d. Let s(x) = 4*x + 17. Let t(b) = -5*j(b) - s(b). What is t(0)?
-17
Let h(y) = -4*y**3 + 7*y**2 - 3*y + 4. Let i(c) = 7*c**3 - 13*c**2 + 6*c - 7. Let o(k) = 5*h(k) + 3*i(k). What is o(4)?
11
Let h be -2 - (-3 + (1 - -1)). Let w(x) = -x**2 + x + 1. Let u(z) = 4*z**2 - z - 3. Let o(t) = -u(t) - 3*w(t). Calculate o(h).
1
Let r(z) = -z + 5*z**3 + 6*z**2 - 1 - z**3 + 8. Let b(g) = 3*g**3 + 5*g**2 - g + 6. Let u(a) = -3*b(a) + 2*r(a). Calculate u(-4).
8
Let h(x) = x**3 - x**2 + x - 1. Let t(o) = -3 + 0*o + 2 - 1 + o. Let j be t(3). What is h(j)?
0
Let o(g) = -16*g**2 + g - 4. Let d(n) = 33*n**2 - 2*n + 9. Let i(c) = -4*d(c) - 9*o(c). Determine i(1).
11
Let a(r) = r**3 - 7*r**2 + 2*r + 5. Let d(w) = -w**3 + 6*w**2 - 2*w - 4. Let g(m) = -5*a(m) - 6*d(m). Let h = 1 - -1. Suppose 4 + 0 = h*s. Determine g(s).
7
Let g(b) = -1. Let x(j) be the first derivative of j**2/2 + 4*j - 3. Let p(z) = -5*g(z) - x(z). Let d(c) = -c**3 - 7*c**2. Let o be d(-7). Calculate p(o).
1
Let x(p) = p**2 + 7*p + 8. Let t(b) = b**2 + 7*b + 7. Let m(k) = 6*t(k) - 5*x(k). Calculate m(-5).
-8
Let l(b) = -b + 6. Let j be l(4). Let u(f) = -10*f**2 - 13*f - 5. Let g(w) = 3*w**2 + 4*w + 2. Let i(a) = j*u(a) + 7*g(a). Determine i(-3).
7
Let w(b) = 2*b - 1. Suppose -3*q + r = -3, -2*r - 2 = -2*q - 4*r. Let v be (-11)/(-3) + (-1)/(-3). Suppose -v*i = -11 - q. Calculate w(i).
5
Let u(o) be the second derivative of o**5/20 + o**4/6 - 2*o**3/3 + o**2/2 + o. Let j be 132/(-15) - (-2)/(-10). Let p = j - -6. Give u(p).
4
Let b be -4*((-5)/(-15) + 11/(-6)). Let y(x) be the third derivative of 0 - x**2 + 1/15*x**5 + 0*x + 7/6*x**3 + 1/120*x**b - 1/8*x**4. What is y(-5)?
-3
Suppose 2*g = -0*g + 4. Suppose -8 = v - g*w, -2*v - 2*w + 8 = -0*w. Let c(m) = 0*m**2 - m + m**3 - m**2 - 2 - 4. Determine c(v).
-6
Let m(g) = -3*g**2 + 2 - g**2 + 0*g - g + 2*g**2. Determine m(-2).
-4
Let h(n) = 96*n**2 - 96*n**2 + 9*n + 3*n**3. Let v(b) = 2*b**3 + b**2 + 8*b + 1. Let f(w) = -3*h(w) + 4*v(w). Give f(5).
4
Let s(g) be the third derivative of -g**8/6720 + g**7/420 - g**6/120 + g**5/20 - 5*g**4/24 + 7*g**2. Let f(x) be the second derivative of s(x). Determine f(5).
1
Let d(o) = 0 + 2 - 2*o - o**2 + 2*o + 2*o. Give d(4).
-6
Let k(u) = u**3 - 2*u**2 + 3*u - 3. Let m be (-6)/(-30) - (-11)/(-5). Let z be (m/4)/(1/(-8)). Suppose -4*y + 9 = s, z*y - 3 = -2*s + 7. Give k(y).
3
Let w(t) be the second derivative of -t**5/20 + 5*t**4/12 - t**3/3 + t**2 + 9*t. Let v = -2 + 4. Give w(v).
10
Let a(h) = -2*h**3 + h**2. Suppose 0 = -p - 4*d - 1, -4*p - 5*d + 0 - 4 = 0. What is a(p)?
3
Let v(g) = -g**2 - 5*g - 4. Suppose 0 = -14*j - 0*j - 56. Give v(j).
0
Suppose 2*s = -5*w + 14, 3*w - 2*s = w. Suppose 0 = w*u - 66 - 12. Suppose 2*y = -o + 15, y + 5*o = u - 9. Let z(x) = x + 3. Calculate z(y).
8
Let f be (-6)/8*2*-2. Suppose -f*d - d + 28 = 4*t, 4*d = 2*t + 10. Let u(l) = -l**2 + 2*l + 1. Determine u(t).
-2
Let j(h) = 73 + h + h - 66. Let g = 2 + -7. Calculate j(g).
-3
Let t(v) = v**2 - 4*v - 5. Suppose 4*w = s + 1, 0 = -3*w - w - 2*s - 14. Let m = w - -3. Suppose 33 = 5*z + l, 9 = z + m*z - 3*l. Calculate t(z).
7
Let k(y) = -y**3 + 6*y**2 - 6*y + 4. Suppose -5 = -4*z + 11. Give k(z).
12
Suppose 4*u - 8 = 5*y, 0 = -u + 4*y - 2*y + 5. Let c(z) = -2*z - 1. What is c(u)?
5
Let d(h) = -1 + 1 - 6 + h. What is d(-5)?
-11
Suppose 0 = -s - 2*d, 3*s = -5*d - 1 - 2. Let 